= -4*m - 161 + 533. What is the remainder when m is divided by 24?
21
Let i = -4 + 8. Suppose -i*v - 4*m = -8, -4 = -2*v - 2*m + m. What is the remainder when 3/(51/(-30) + v) is divided by 6?
4
Let a(r) = r**2 - 3*r + 4. Let k be a(3). Let t be 37 + 4/1 + 3. Suppose -t = -k*b + 4*q, 4*q - 14 = -b + 2*q. What is the remainder when 35 is divided by b?
11
Suppose 0*s - s + 13 = 0. Calculate the remainder when s is divided by (-10)/(-7)*7/2.
3
Suppose 6 = x - 2*w, -3*w = 5*x + 6 - 36. Calculate the remainder when 11 is divided by x.
5
Suppose 0 = -0*q + 4*q - 72. Suppose -4 = -0*w + 4*w. What is the remainder when q is divided by (w + 2 - 0) + 9?
8
Suppose 2*t + 4*j = -0*t - 54, -3*t - 46 = -j. Let h = t - -32. Calculate the remainder when (-9)/((-27)/84) + 1 is divided by h.
14
Suppose 3*n - 38 = -4*l, -l = -2 - 3. Let i be 0*-3*3/(-9). Suppose -g + 20 = -3*y - i, -47 = -3*g - 4*y. Calculate the remainder when g is divided by n.
5
Let r(h) = -h**3 + 10*h**2 - 5*h - 22. Let g = -8 + 14. Suppose -g*s = -2*s - 104. What is the remainder when s is divided by r(9)?
12
Let w(l) = -17*l - 10. What is the remainder when w(-7) is divided by (28/(-3))/(6/(-18))?
25
Let k(v) = v**2 + 2. Let r(a) = 5*a**2 + 8. Let x(n) = -9*k(n) + 2*r(n). Suppose 0 = -4*o + 22 + 26. Calculate the remainder when o is divided by x(3).
5
Let r be (2 - -1) + 2/(-2). Suppose 5*a = -3*u + 101 - 21, -r*u + 48 = -2*a. Let l(g) = 6*g - 3. Calculate the remainder when u is divided by l(2).
7
Suppose 3*s - 132 = 159. Suppose 5*q = s - 7. What is the remainder when 53 is divided by q?
17
Calculate the remainder when 52 + -1 + 4 - (-3 - -4) is divided by 11.
10
Suppose 4 + 4 = 4*i. Let m(o) = -2*o + 4. Calculate the remainder when m(0) is divided by i.
0
Suppose -a + 0*a - 4*b = -141, 4*a + 4*b = 588. Suppose -t + 3*t = 5*s + a, 3*s + 201 = 3*t. Let o = t + -27. Calculate the remainder when o is divided by 18.
17
Let j = 219 - 95. Suppose 5*a - 16 - j = 0. What is the remainder when a is divided by 15?
13
Let c = -15 - -22. Calculate the remainder when 12 is divided by c.
5
Let l(u) = -13*u + 2. What is the remainder when l(-1) is divided by 6?
3
Suppose 2*s = -h + 5*s - 2, -4*s + 2 = -2*h. What is the remainder when 2 is divided by h?
0
Let a = 21 - 7. Suppose -5*j + 129 = -6. What is the remainder when j is divided by a?
13
Suppose -b - 33 = -167. Calculate the remainder when b is divided by 27.
26
Let h(m) = m**2 + m + 8. Let n be h(6). Suppose -4*g = g - n. Calculate the remainder when 38 is divided by g.
8
Suppose -m + 66 = 5*t, 3*m + 4*t = 5*t + 278. Calculate the remainder when m is divided by 19.
15
Let n(z) = z**3 - z**2 - z - 10. What is the remainder when 133 is divided by n(4)?
31
Let k be (0 - 0)*-1 + 5. Suppose 2*t + 10 = 0, k*s + 0*s - 5*t - 155 = 0. Calculate the remainder when s is divided by 7.
5
What is the remainder when 38 is divided by (4 - -1)*(10 - 9)?
3
What is the remainder when (-1)/(-6) + 4458/36 is divided by 32?
28
Suppose -3*w - 2*w = -55. Suppose 3*i = i - 6, 0 = 3*k - 3*i - 33. Calculate the remainder when 43*-1*(k + -9) is divided by w.
10
Let k(s) = 13*s**2 - s. What is the remainder when 55 is divided by k(-1)?
13
Let f be (-10)/(-14) - (-2)/7. Suppose -f = -3*u - 4. What is the remainder when 13 is divided by u/(-2)*(2 - -8)?
3
Suppose 0 = -2*a + 3*b - 0*b + 55, 0 = -b - 1. Calculate the remainder when 1 + (a - -2) + -1 is divided by 15.
13
Let l(t) = 8*t - 10. Calculate the remainder when l(5) is divided by 8.
6
Let k(z) = z**3 - 2*z**2 - 2*z - 4. Calculate the remainder when k(4) is divided by 11.
9
Let n = -1 - -4. Suppose -n*d - 30 = -8*d. What is the remainder when d is divided by 3?
0
Let s = 6 - 12. Calculate the remainder when 11 is divided by -3 - (s - (4 + -5)).
1
Suppose -3*i - w + 34 = 0, -5*i + 0*w = -w - 46. Calculate the remainder when 39 is divided by i.
9
Suppose 23*t = 22*t + 18. Let d = -10 + 20. What is the remainder when t is divided by d?
8
Let q = -44 - -68. What is the remainder when 47 is divided by q?
23
Suppose 18 + 0 = 2*r. What is the remainder when r is divided by 6?
3
Let k(z) = 3*z + 1. Calculate the remainder when 25 is divided by k(4).
12
Let f = 2 + -1. What is the remainder when 17*(-2 + 2 + f) is divided by 6?
5
Suppose -2*x + 2*y + 12 = 6*y, x - 6 = -y. Suppose 3*b + 3 = x*b. Suppose 2*h - b - 5 = 0, 3*q - 21 = -5*h. What is the remainder when 5 is divided by q?
1
Let j(g) = 5*g**2 + 10*g + 6. Let l be j(-7). Suppose -l + 1 = -4*f. Calculate the remainder when f is divided by 12.
9
Suppose 5*l = -n - 4, -3*n + 6*n = -3*l. Suppose 4*a + n + 5 = -2*d, -5*d + 4*a = 85. What is the remainder when 26 is divided by ((-2)/1 - d) + -2?
8
Let n = -26 - -36. Calculate the remainder when n is divided by 3.
1
Let a(d) = d**3 + 5*d**2 + 7*d + 4. Let u be a(-4). Let v = 6 - u. Calculate the remainder when 40 is divided by v.
12
Suppose -4*z + 6*z - 10 = 0. Suppose -99 = -3*f - 3*t, 0 = -3*f + 3*t + 74 - z. Calculate the remainder when f is divided by 8.
4
Let w(q) be the second derivative of 4*q**3/3 + q**2/2 - q. Let p be w(1). Suppose 3*d - p = -0*d. What is the remainder when 8 is divided by d?
2
Suppose n = w - 108, 2*n - 2 = -0. What is the remainder when w is divided by 28?
25
Suppose 3*m - 4 - 8 = 0, c - 15 = m. Let l be 10/10 - 5/1. Let z = l - -14. What is the remainder when c is divided by z?
9
Suppose -m + 35 = 2*i, -5*m = -3*i - 2*m + 39. Let g = -10 + i. Calculate the remainder when 15 is divided by g.
3
Suppose -14*c + 1533 + 959 = 0. Calculate the remainder when c is divided by 45.
43
Suppose -5*m + 3*y = -228, 0 = 4*m + 2*y + 3*y - 175. What is the remainder when m is divided by 16?
13
Let o(i) = 0*i**2 - 6 + 9*i - 3*i**2 + 0*i**2 + 2*i**2. Calculate the remainder when o(4) is divided by (10/(-4))/((-1)/2).
4
Let f = -4 + 7. Suppose 0 = 3*k + f*j - 27, j + 0*j + 2 = 0. Suppose z - 2*q - 34 = 0, 0 = -4*q - 1 - 3. What is the remainder when z is divided by k?
10
Let x = -13 + 15. Suppose 0 = -3*v - x + 8. Calculate the remainder when 3 is divided by v.
1
Let m(r) = r**2 - 4*r + 11. Calculate the remainder when 109 is divided by m(5).
13
Let u = 1 - 1. Suppose u*c + 15 = 5*c. Suppose -c*o = -5*o + 28. What is the remainder when 26 is divided by o?
12
Suppose 3*x + 1 = -2*m - 22, -2*x = -m - 8. Let w = 13 + m. What is the remainder when 4 is divided by w?
1
Suppose -2*h + 0*h = -16. Calculate the remainder when 47 is divided by h.
7
Suppose 3*t - 2 = 2*t. Let k be 1/(0 - 2/(-14)). Suppose -t*d + k*d - 55 = 0. What is the remainder when 32 is divided by d?
10
Let n(k) be the third derivative of -k**6/120 + k**5/60 + 5*k**3 - 3*k**2. Let x be n(0). Let t = x - 19. What is the remainder when 43 is divided by t?
10
Suppose 3 = 4*x - 81. What is the remainder when x is divided by 6?
3
Let m(u) = 4*u - 8. Let l be m(4). Suppose -2*k - 68 = -4*f, -l = 3*k + k. Calculate the remainder when 47 is divided by f.
15
Let p be ((-15)/(-9) - 1)*-3. Let a = p - -2. What is the remainder when (0 + 40)*(a + 1) is divided by 14?
12
Calculate the remainder when (1 - -13) + (5 - 3) is divided by 7.
2
Let t(q) be the third derivative of q**5/60 + 3*q**4/8 + 5*q**3/6 + 6*q**2. Calculate the remainder when 18 is divided by t(-9).
3
Suppose 9 = 3*f - 0*f. Suppose -3*m + 2*m + 22 = 4*o, -o = -4*m + f. What is the remainder when m is divided by 1?
0
Let y(h) = -h**3 + 10*h**2 - 14*h. Suppose 2*s = 12 + 48. What is the remainder when s is divided by y(8)?
14
Suppose -4*x + 2 = -10. Suppose x*v - 57 + 12 = 0. What is the remainder when 27 is divided by v?
12
Let g(s) = -s**2 + 10*s - 2. Let k be g(9). Let c(v) = v**3 - 7*v**2 + 9. Calculate the remainder when 26 is divided by c(k).
8
Suppose -4 = 3*u - 4*u. Suppose -p = 2*p - 12, w - u*p - 16 = 0. What is the remainder when w is divided by 11?
10
Let y(i) = 11*i + 13. What is the remainder when y(13) is divided by 20?
16
Let b = -79 + 83. What is the remainder when 25 is divided by b?
1
Let n be (11/(-2))/(3/(-342)). Suppose -f - 224 = -4*w, -3*f - 2*w - n = -5*w. What is the remainder when f/(-28) + (-4)/14 is divided by 3?
1
Let y be (1/(-3))/((-1)/33). Suppose -y - 5 = -2*g. What is the remainder when g is divided by 2?
0
Let c = 142 + -99. Calculate the remainder when 83 is divided by